{"id":8,"date":"2020-10-05T12:47:11","date_gmt":"2020-10-05T10:47:11","guid":{"rendered":"http:\/\/krespol.pl\/krespol\/?page_id=8"},"modified":"2024-05-07T15:18:45","modified_gmt":"2024-05-07T13:18:45","slug":"o-nas","status":"publish","type":"page","link":"http:\/\/krespol.pl\/","title":{"rendered":"O nas"},"content":{"rendered":"\n<p>Z rado\u015bci\u0105 towarzyszymy Pa\u0144stwu w najpi\u0119kniejszych sakramentach, ubrali\u015bmy ju\u017c tysi\u0105ce dzieci do Chrztu \u015aw. i Komunii \u015aw. Nasze stroje i dodatki tworzymy z pasj\u0105 ju\u017c od 1992 roku. Stawiamy na jako\u015b\u0107 i zadowolenie klient\u00f3w, dzi\u0119ki czemu cieszymy si\u0119 opini\u0105 firmy wiarygodnej i solidnej.<\/p>\n\n\n\n<p><strong>Troch\u0119 historii<\/strong><\/p>\n\n\n\n<p>P.W. Krespol s.c. to przedsi\u0119biorstwo z wieloletni\u0105 tradycj\u0105 i do\u015bwiadczeniem.<br>Swoj\u0105 dzia\u0142alno\u015b\u0107 rozpocz\u0119li\u015bmy w 1990 roku jako rodzinna firma specjalizuj\u0105ca si\u0119 w hafcie us\u0142ugowym.<br>Po dw\u00f3ch latach pojawi\u0142a si\u0119 nowa inspiracja, kt\u00f3ra zaowocowa\u0142a uruchomieniem produkcji galanterii komunijnej oraz chrzcielnej. Rozpoczynali\u015bmy od haftowanych chusteczek i szatek do chrztu, za\u015b dzi\u015b mo\u017cemy si\u0119 pochwali\u0107 ofert\u0105 kilkuset wyrob\u00f3w, kt\u00f3r\u0105 stale poszerzamy i dopracowujemy.<br>Od 2000 roku posiadamy w\u0142asn\u0105 kolekcj\u0119 alb komunijnych, natomiast w sezonie 2012 dodali\u015bmy do niej sukienki komunijne.<br><br>W 1994 r. zacz\u0119li\u015bmy rozwija\u0107 drug\u0105 ga\u0142\u0105\u017a dzia\u0142alno\u015bci firmy &#8211; wprowadzili\u015bmy na polski rynek ca\u0142kiem now\u0105 technologi\u0119 wycinania tkanin ultrad\u017awi\u0119kami. Wykorzystuj\u0105c nowe maszyny, uruchomili\u015bmy produkcj\u0119 pasmanterii: koronek, wst\u0105\u017cek, aplikacji krawieckich i ta\u015bm ozdobnych. Obecnie posiadamy ponad 400 wzor\u00f3w wyrob\u00f3w pasmanteryjnych.<br>Z technologii tej korzystamy tak\u017ce przy produkcji stroj\u00f3w i dodatk\u00f3w do chrztu, komunii, \u015blubu i dla parafii, dzi\u0119ki czemu mo\u017cemy zaproponowa\u0107 niespotykane wzory.<\/p>\n","protected":false},"excerpt":{"rendered":"<p>Z rado\u015bci\u0105 towarzyszymy Pa\u0144stwu w najpi\u0119kniejszych sakramentach, ubrali\u015bmy ju\u017c tysi\u0105ce dzieci do Chrztu \u015aw. i Komunii \u015aw. Nasze stroje i&#8230;<\/p>\n","protected":false},"author":1,"featured_media":0,"parent":0,"menu_order":0,"comment_status":"closed","ping_status":"closed","template":"","meta":{"om_disable_all_campaigns":false,"_monsterinsights_skip_tracking":false,"_monsterinsights_sitenote_active":false,"_monsterinsights_sitenote_note":"","_monsterinsights_sitenote_category":0,"footnotes":""},"class_list":["post-8","page","type-page","status-publish","hentry"],"aioseo_notices":[],"jetpack_sharing_enabled":true,"_links":{"self":[{"href":"http:\/\/krespol.pl\/index.php\/wp-json\/wp\/v2\/pages\/8","targetHints":{"allow":["GET"]}}],"collection":[{"href":"http:\/\/krespol.pl\/index.php\/wp-json\/wp\/v2\/pages"}],"about":[{"href":"http:\/\/krespol.pl\/index.php\/wp-json\/wp\/v2\/types\/page"}],"author":[{"embeddable":true,"href":"http:\/\/krespol.pl\/index.php\/wp-json\/wp\/v2\/users\/1"}],"replies":[{"embeddable":true,"href":"http:\/\/krespol.pl\/index.php\/wp-json\/wp\/v2\/comments?post=8"}],"version-history":[{"count":14,"href":"http:\/\/krespol.pl\/index.php\/wp-json\/wp\/v2\/pages\/8\/revisions"}],"predecessor-version":[{"id":639,"href":"http:\/\/krespol.pl\/index.php\/wp-json\/wp\/v2\/pages\/8\/revisions\/639"}],"wp:attachment":[{"href":"http:\/\/krespol.pl\/index.php\/wp-json\/wp\/v2\/media?parent=8"}],"curies":[{"name":"wp","href":"https:\/\/api.w.org\/{rel}","templated":true}]}}

<p>Z radością towarzyszymy Państwu w najpiękniejszych sakramentach, ubraliśmy już tysiące dzieci do Chrztu Św. i Komunii Św. Nasze stroje i dodatki tworzymy z pasją już od 1992 roku. Stawiamy na jakość i zadowolenie klientów, dzięki czemu cieszymy się opinią firmy wiarygodnej i solidnej.</p>



<p><strong>Trochę historii</strong></p>



<p>P.W. Krespol s.c. to przedsiębiorstwo z wieloletnią tradycją i doświadczeniem.<br>Swoją działalność rozpoczęliśmy w 1990 roku jako rodzinna firma specjalizująca się w hafcie usługowym.<br>Po dwóch latach pojawiła się nowa inspiracja, która zaowocowała uruchomieniem produkcji galanterii komunijnej oraz chrzcielnej. Rozpoczynaliśmy od haftowanych chusteczek i szatek do chrztu, zaś dziś możemy się pochwalić ofertą kilkuset wyrobów, którą stale poszerzamy i dopracowujemy.<br>Od 2000 roku posiadamy własną kolekcję alb komunijnych, natomiast w sezonie 2012 dodaliśmy do niej sukienki komunijne.<br><br>W 1994 r. zaczęliśmy rozwijać drugą gałąź działalności firmy &#8211; wprowadziliśmy na polski rynek całkiem nową technologię wycinania tkanin ultradźwiękami. Wykorzystując nowe maszyny, uruchomiliśmy produkcję pasmanterii: koronek, wstążek, aplikacji krawieckich i taśm ozdobnych. Obecnie posiadamy ponad 400 wzorów wyrobów pasmanteryjnych.<br>Z technologii tej korzystamy także przy produkcji strojów i dodatków do chrztu, komunii, ślubu i dla parafii, dzięki czemu możemy zaproponować niespotykane wzory.</p>

<p>Z radością towarzyszymy Państwu w najpiękniejszych sakramentach, ubraliśmy już tysiące dzieci do Chrztu Św. i Komunii Św. Nasze stroje i&#8230;</p>
